17301. Suppose -20*p + 37*p = i. What is the units digit of p?
9
Suppose -5*s - a + 44965 + 217056 = 0, -209642 = -4*s + 2*a. What is the thousands digit of s?
2
Let d = -374 + 357. What is the hundreds digit of -6 + d/(-3) + 30478/21?
4
Suppose -117 + 3042 = -3*r. Let g = 1738 + r. What is the tens digit of g?
6
Suppose -10*a - 8*a = -108. What is the hundreds digit of (-112948)/(-408) + ((-5)/a)/(-5)?
2
Suppose -5*f - 20 + 1 = -4*t, t - 11 = -5*f. What is the hundreds digit of (-12348)/(-24) + t/4?
5
Let m = 3027 - -3860. What is the hundreds digit of m?
8
Let z be (-4 + 6)*(-18)/4. What is the tens digit of z/(-3) + 471 - (-2)/1?
7
Let d = -1 + 12. Let b(c) be the first derivative of 2*c**2 + 2*c + 68. What is the tens digit of b(d)?
4
Suppose 550 = 7*x - 696. Let f = x + -94. What is the units digit of f?
4
Let a(i) be the first derivative of i**6/180 + i**5/40 + i**4/24 - 5*i**3 - 10. Let l(x) be the third derivative of a(x). What is the units digit of l(-4)?
1
Let d(q) = -606*q - 847. What is the thousands digit of d(-17)?
9
Let l(w) = -2*w**3 - 4*w**2 - 2*w - 4. Let d be l(-4). Suppose -67*h = -d*h + 354. What is the tens digit of h?
5
Let v = -43 + 13. Let o(g) = -g**3 - 29*g**2 + 7*g - 44. What is the tens digit of o(v)?
4
Let d = 255 - 70. Suppose -d + 65 = 3*o. Let j = 75 + o. What is the tens digit of j?
3
Suppose -3*h - 5*l = 1238, -h + 6*l - 10*l - 408 = 0. Let v = h - -761. What is the tens digit of v?
4
Let u(q) = 150*q**3 + 2*q**2 - 1. Let j = -69 - -80. Suppose 3*p = -2*g - 5, p + j = -0*g - 3*g. What is the hundreds digit of u(p)?
1
Let u be (0 + 3)/(12/244). Suppose -u*c = -66*c + 2285. Let q = -255 + c. What is the hundreds digit of q?
2
Suppose 0*p - p + 8411 = 12*p. What is the units digit of p?
7
Suppose -239461 + 674661 = 32*p. What is the thousands digit of p?
3
Let l = 36 - -30. Suppose -s + l = 2*s. Suppose -3*i - s = -2*v + 2*i, -68 = -4*v + 4*i. What is the units digit of v?
1
Suppose 9*l + 2*r - 20160 = 7*l, 5*l - 2*r = 50379. What is the units digit of l?
7
Let x be (-7 - -1)/(-2) + (-25)/(25/(-2)). Suppose 1350 = 6*p - p. Suppose -5*s = -x*n + p, 2*n = 3*n + 2*s - 48. What is the tens digit of n?
5
Let i(h) be the third derivative of -h**5/60 - h**4/3 - 5*h**3/2 + 26*h**2. Let p be i(-10). What is the units digit of -1 - 0 - 4 - p?
0
Let y = -3338 - -3781. What is the tens digit of y?
4
Suppose 5*j = -3*c + 60916, -4*j - 4*c - 4618 = -53346. What is the ten thousands digit of j?
1
Let g(c) = 9*c + 14. Let y be g(0). Suppose -9575 = -11*m - y*m. What is the units digit of m?
3
Let x = -4970 + 12455. What is the units digit of x?
5
Suppose -20 = -4*u, 3*v + 5*u - 54 = -23. Suppose -5*c - 7*o + 2*o = -1855, v*c - 2*o = 734. What is the units digit of c?
9
Suppose 3419234 = 139*u - 1117309. What is the units digit of u?
7
Let k(a) = -2*a + 5. Let b(l) = -l + 2. Let y(j) = -5*b(j) + 3*k(j). Let t be y(2). What is the units digit of (-11 + t/(-3))*(-15)/2?
0
Suppose 4 = o - 6. Let l be (-20)/6*(-744)/o*1. Suppose -l + 72 = -2*d. What is the tens digit of d?
8
Let c be -2*1*(-7 - 0). Suppose 4*p = 6 + c. Suppose 4*n = 8, -330 = -p*r + 2*n + 126. What is the units digit of r?
2
Let r = 22364 - 13212. What is the thousands digit of r?
9
What is the units digit of ((-14568)/(-18))/(((-308)/21)/(-11))?
7
Let r = 230 + -139. Let w = r + 54. What is the hundreds digit of w?
1
Let t(o) = -24*o**2 + 4*o + 1524. What is the units digit of t(0)?
4
Let a = 610 + -421. Let s = 903 - a. What is the hundreds digit of s?
7
Let z(c) = -15 + 20 + 24*c + 27. Let f be z(8). Suppose -p - 60 = -f. What is the units digit of p?
4
Suppose 19*i - 7*i = -1152. Let k = 98 + i. What is the hundreds digit of (130 + k)*4/(16/6)?
1
Let i(l) = -191*l + 859. What is the tens digit of i(4)?
9
Let r(p) = -5*p - 2*p + 9 - p**2 - 3 - 11. Let i be r(-5). Suppose -445 = -i*m - 2*c, 5*c = 5*m + 2*c - 445. What is the units digit of m?
9
Let p be (-1)/(-2) - 105/(-14). Let i(d) = -3*d - 30. Let g(v) = 5*v + 59. Let q(x) = 4*g(x) + 7*i(x). What is the tens digit of q(p)?
1
Let f be ((-150)/(-24) - 5) + 6235/4. Suppose -27*d - f = -33*d. What is the hundreds digit of d?
2
Let t = -65 - -69. Suppose 17*y = t*y + 22542. What is the tens digit of y?
3
Suppose -7*d = -5 - 2. Let k(h) = -h + d - 8*h - 7 - h. What is the units digit of k(-3)?
4
Suppose -14596 - 6787 = -5*u + r, 0 = 5*u - 5*r - 21395. What is the thousands digit of u?
4
Let u(a) = 9671*a**2 - 445*a - 6. What is the hundreds digit of u(-2)?
5
Let j = 27 + -37. Let v(s) = -s**3 - 10*s**2 + 5*s - 20. Let l be v(j). Let m = l + 105. What is the units digit of m?
5
Let b be 2/(-12) - (-28756)/168. Let r = 284 - b. What is the tens digit of r/2*(-36)/(-9)?
2
Let r = 36628 - 14331. What is the units digit of r?
7
Let f = -47634 + 114262. What is the thousands digit of f?
6
Let t(o) = 16*o**3 + 27*o**2 + 29*o + 52. Let l(v) = -8*v**3 - 13*v**2 - 14*v - 26. Let b(f) = 9*l(f) + 4*t(f). What is the hundreds digit of b(-6)?
4
Suppose n = -5 + 4, -5*p = 4*n - 34706. What is the hundreds digit of p?
9
Let u be (((-4)/(-2))/(-1))/((-30)/(-45)). What is the hundreds digit of -17 - -253 - (u + 1 - 1)?
2
Suppose 3*h + 7*u + 1215 = 8*u, -3*u = -5*h - 2029. Let i = h + 423. What is the tens digit of i?
1
Suppose -3*t - 2 = 7, 4*t = -4*s. Suppose -5*z + 1197 = s*v + 132, -v = z - 355. What is the tens digit of v?
5
What is the hundreds digit of 130/1235 - (-128305)/19?
7
Suppose -3*j + 1455 + 2547 = 0. Let t = j + -280. What is the units digit of t?
4
Let n(w) = -7*w**3 + 1. Let y be n(-1). Suppose y*s = 240 + 512. Suppose s = -2*c + 4*c. What is the tens digit of c?
4
Suppose 3*h - q - 271 = 0, -4*h - q = -0*h - 373. Let r = h + -79. Suppose 0 = -14*k + r*k + 17. What is the units digit of k?
7
Let o = 352 - 373. What is the hundreds digit of ((-2114)/o)/((20/(-4))/(-45))?
9
Suppose 2*l = 4*s + 64286, 96483 = -18*l + 21*l + 3*s. What is the units digit of l?
5
Suppose -2392 = -6*d + 1544. Suppose 323 = w + g, -d = -2*w + 2*g + g. What is the tens digit of w?
2
Let o = 7396 + 3999. What is the hundreds digit of o?
3
Suppose -b = 9 - 14. Suppose -7*c - 27 = -5*s - b*c, -5*s = -c - 26. Suppose 5*o = 2*o - s*t + 387, -o = t - 131. What is the hundreds digit of o?
1
Suppose 2*g - 18 = 2. Let l be -4 + (14/21 - 3*110/(-45)). Suppose 264 = g*u - l*u. What is the units digit of u?
4
Let v be -9*(4/3)/4. Let a(h) = h**3 + 5*h**2 + 5*h + 2. Let i be a(v). Suppose -4*m - 2*c - 2 = -220, 0 = -3*m + i*c + 183. What is the units digit of m?
6
Let q(x) = -2*x**3 + 4*x**2 - 11*x + 1. Let c be 26/(-91) - 30/(-7). Let h be q(c). Let p = h - -174. What is the units digit of p?
7
Let o be (-8 - (-295)/20)/(3/296). Let j = o + -432. What is the units digit of j?
4
Let q be (76/114)/(2/(-54)). What is the tens digit of 16 + -23 - 1*q?
1
Let j(v) = -409*v + 7854. What is the ten thousands digit of j(-62)?
3
Let f be (6/18)/((-1)/(-15)). Suppose -3*i + 19 = -f. Suppose 3*s - i*s = 5*b - 630, -5*s + 4*b = -612. What is the tens digit of s?
2
What is the ten thousands digit of ((-87)/435)/((-6)/681900)?
2
Let w be (-2 - (-3)/2)*2 + 0. Let g be ((-152)/(-6) + w)*(8 + -5). Let b = 84 - g. What is the units digit of b?
1
Let v(s) = s**3 + 6*s**2 - s - 2. Let z be v(-5). Let t = -22 - -55. Suppose -z*r + t*r = 705. What is the units digit of r?
1
Suppose 4 = y - w, 4*w + 5 + 3 = 0. Suppose 42 = q + 3*m - 65, y*m - 438 = -4*q. Let r = q + -50. What is the tens digit of r?
6
Suppose -42 = 8*x + 22. Let g be 106*1/9 + x/(-36). What is the tens digit of (-2)/g + 3910/60?
6
Let u(v) = 911 - v**2 - 5*v**2 + v - 6*v**2 + 5*v**2. What is the hundreds digit of u(0)?
9
Let i(m) = -m**3 - 12*m**2 - 17*m - 1. Let v be i(-11). Let h = v - 89. Let t = h - -173. What is the hundreds digit of t?
1
Suppose -1137 - 667 + 604 = -15*v. What is the units digit of v?
0
Let p(r) = 2*r**2 - 10*r - 20. Let n be p(7). Suppose -13*c = -n*c - 1275. What is the units digit of c?
5
Let i = -98 + 204. Let b = 108 - i. Suppose v - 103 = -b*n, -4*n - 36 + 267 = -3*v. What is the units digit of n?
4
Let w(t) = 9*t + 0 - 10*t**2 - 46*t + 20 + 13*t - 24*t + t**3. What is the tens digit of w(17)?
2
Let p = 64 - 65. Let v be 141 + 4/p - 3. Let f = v + 11. What is the units digit o